{"id":210,"date":"2025-01-31T10:40:00","date_gmt":"2025-01-31T09:40:00","guid":{"rendered":"https:\/\/atomic-temporary-139465564.wpcomstaging.com\/?page_id=210"},"modified":"2025-03-09T18:20:50","modified_gmt":"2025-03-09T17:20:50","slug":"mentions-legales","status":"publish","type":"page","link":"https:\/\/shanakeers.fr\/index.php\/mentions-legales\/","title":{"rendered":"Mentions l\u00e9gales"},"content":{"rendered":"<h3><\/h3>\n<h3 style=\"text-align: center;\"><strong>MENTIONS LEGALES<\/strong><\/h3>\n<p style=\"text-align: justify;\">Merci de lire avec attention les diff\u00e9rentes modalit\u00e9s d\u2019utilisation du pr\u00e9sent site <a href=\"https:\/\/shanakeers.fr\">https:\/\/shanakeers.fr<\/a> avant d\u2019en parcourir les pages.<\/p>\n<p style=\"text-align: justify;\">En te connectant sur le site <a href=\"https:\/\/shanakeers.fr\">https:\/\/shanakeers.fr<\/a>, tu acceptes sans r\u00e9serve les pr\u00e9sentes modalit\u00e9s. Aussi, conform\u00e9ment aux dispositions des articles 6-III de la Loi n\u00b02004-575 du 21 juin 2004 pour la confiance dans l\u2019\u00e9conomie num\u00e9rique, dite LCEN, les responsables du pr\u00e9sent site internet <a href=\"https:\/\/shanakeers.fr\">https:\/\/shanakeers.fr<\/a> sont :<\/p>\n<p style=\"text-align: justify;\"><strong>* \u00c9diteur du site :<\/strong><br \/>\nNathalie Machado EI, repr\u00e9sent\u00e9e par Nathalie MACHADO,<br \/>\nDont le si\u00e8ge social est 5, route de Saint Yrieix, 87500 Coussac Bonneval, France.<br \/>\nImmatricul\u00e9e sous le num\u00e9ro Siret 529 334 690 00011.<br \/>\nT\u00e9l. : 06 82 93 12 83<br \/>\nMail : <a href=\"mailto:infos.shanakeers@gmail.com\">infos.shanakeers@gmail.com<\/a><\/p>\n<p><strong>* Directrice de publication :<\/strong> Nathalie Machado, alias Shana Keers<\/p>\n<p style=\"text-align: justify;\"><strong>* Ce site est h\u00e9berg\u00e9 par WordPress.<\/strong><\/p>\n<p><strong>* <a href=\"https:\/\/shanakeers.fr\/index.php\/cgv\/\" target=\"_blank\" rel=\"noopener\">Conditions G\u00e9n\u00e9rales de Vente (CGV)<\/a><\/strong><\/p>\n<p style=\"text-align: justify;\"><strong>* Cookies :<\/strong> Le site <a href=\"https:\/\/shanakeers.fr\">https:\/\/shanakeers.fr<\/a> peut \u00eatre amen\u00e9 \u00e0 te demander l\u2019acceptation des cookies pour des besoins de statistiques et d&rsquo;affichage. Un cookie est une information d\u00e9pos\u00e9e sur ton disque dur par le serveur du site que tu visites. Il contient plusieurs donn\u00e9es qui sont stock\u00e9es sur ton ordinateur dans un simple fichier texte auquel un serveur acc\u00e8de pour lire et enregistrer des informations. Certaines parties de ce site ne peuvent \u00eatre fonctionnelles sans l\u2019acceptation de cookies.<\/p>\n<p style=\"text-align: justify;\"><strong>* Les informations contenues<\/strong> <strong>sur ce site<\/strong> sont aussi pr\u00e9cises que possible et le site remis \u00e0 jour \u00e0 diff\u00e9rentes p\u00e9riodes de l\u2019ann\u00e9e, mais peut toutefois contenir des inexactitudes ou des omissions. Si tu constates une lacune, une erreur ou ce qui para\u00eet \u00eatre un dysfonctionnement, merci de bien vouloir le signaler par email, \u00e0 l\u2019adresse <a href=\"mailto:infos.shanakeers@gmail.com\">infos.shanakeers@gmail.com<\/a>, en d\u00e9crivant le probl\u00e8me de la mani\u00e8re la plus pr\u00e9cise possible (page posant un probl\u00e8me, type d\u2019ordinateur et de navigateur utilis\u00e9\u2026).<\/p>\n<p style=\"text-align: justify;\"><strong>* Droit de reproduction :<\/strong><\/p>\n<p style=\"text-align: justify;\">\u2022 Les informations pr\u00e9sent\u00e9es sur ce site sont publiques. Cependant, tout le contenu du site internet <a href=\"https:\/\/shanakeers.fr\">https:\/\/shanakeers.fr<\/a> est prot\u00e9g\u00e9 au titre de la propri\u00e9t\u00e9 intellectuelle. Toute reproduction des extraits de romans de Shana Keers <strong>est strictement interdite<\/strong> sans accord pr\u00e9alable de celle-ci.<br \/>\n\u2022 La reproduction des pages de ce site est autoris\u00e9e \u00e0 la condition d\u2019y mentionner la source et de cr\u00e9er un lien vers la ou les pages de r\u00e9f\u00e9rence. Celles-ci ne peuvent \u00eatre utilis\u00e9es \u00e0 des fins commerciales ou publicitaires.<\/p>\n","protected":false},"excerpt":{"rendered":"<p>MENTIONS LEGALES Merci de lire avec attention les diff\u00e9rentes modalit\u00e9s d\u2019utilisation du pr\u00e9sent site https:\/\/shanakeers.fr avant d\u2019en parcourir les pages. En te connectant sur le site https:\/\/shanakeers.fr, tu acceptes sans r\u00e9serve les pr\u00e9sentes modalit\u00e9s. Aussi, conform\u00e9ment aux dispositions des articles 6-III de la Loi n\u00b02004-575 du 21 juin 2004 pour la confiance dans l\u2019\u00e9conomie num\u00e9rique, &hellip; <\/p>\n","protected":false},"author":1,"featured_media":0,"parent":0,"menu_order":0,"comment_status":"closed","ping_status":"closed","template":"","meta":{"jetpack_post_was_ever_published":false,"footnotes":""},"class_list":["post-210","page","type-page","status-publish","hentry","latest_post"],"aioseo_notices":[],"jetpack_likes_enabled":true,"jetpack_sharing_enabled":false,"_links":{"self":[{"href":"https:\/\/shanakeers.fr\/index.php\/wp-json\/wp\/v2\/pages\/210","targetHints":{"allow":["GET"]}}],"collection":[{"href":"https:\/\/shanakeers.fr\/index.php\/wp-json\/wp\/v2\/pages"}],"about":[{"href":"https:\/\/shanakeers.fr\/index.php\/wp-json\/wp\/v2\/types\/page"}],"author":[{"embeddable":true,"href":"https:\/\/shanakeers.fr\/index.php\/wp-json\/wp\/v2\/users\/1"}],"replies":[{"embeddable":true,"href":"https:\/\/shanakeers.fr\/index.php\/wp-json\/wp\/v2\/comments?post=210"}],"version-history":[{"count":7,"href":"https:\/\/shanakeers.fr\/index.php\/wp-json\/wp\/v2\/pages\/210\/revisions"}],"predecessor-version":[{"id":10274,"href":"https:\/\/shanakeers.fr\/index.php\/wp-json\/wp\/v2\/pages\/210\/revisions\/10274"}],"wp:attachment":[{"href":"https:\/\/shanakeers.fr\/index.php\/wp-json\/wp\/v2\/media?parent=210"}],"curies":[{"name":"wp","href":"https:\/\/api.w.org\/{rel}","templated":true}]}}